 base 7, what is 1324 + -6?
1315
In base 14, what is 2 - -1cb?
1cd
In base 12, what is 18 - 41?
-25
In base 6, what is 41 + -30?
11
In base 10, what is 19 - -76?
95
In base 10, what is -111 + 8?
-103
In base 13, what is -5 + 2207?
2202
In base 4, what is 3311 + 23?
10000
In base 15, what is 6d - -9?
77
In base 12, what is -a48 + -5?
-a51
In base 15, what is -64 + -5?
-69
In base 3, what is -20 + -10?
-100
In base 9, what is -24 - -46?
22
In base 16, what is 12 + 7e?
90
In base 3, what is -1122 - -121?
-1001
In base 6, what is -10551 + 3?
-10544
In base 6, what is -1 + 2554?
2553
In base 15, what is -1 - 1523?
-1524
In base 14, what is 44 - -2?
46
In base 12, what is 3 - -1?
4
In base 3, what is -201101 - 0?
-201101
In base 5, what is 2122 + 1?
2123
In base 3, what is 102 + 220?
1022
In base 7, what is 4 - 2211?
-2204
In base 14, what is 77 + -4?
73
In base 5, what is 11322 + 1?
11323
In base 8, what is -52 - 116?
-170
In base 12, what is 3 + -4a3a?
-4a37
In base 2, what is -1111 + -10011011?
-10101010
In base 11, what is -22 + -6?
-28
In base 9, what is 11 + -148?
-137
In base 11, what is 2a - -3?
32
In base 11, what is -47 + 298?
251
In base 9, what is -4 - -41?
36
In base 14, what is -5c - 1?
-5d
In base 6, what is 24 - -51?
115
In base 9, what is -4 - -270?
265
In base 7, what is 4 + 125?
132
In base 7, what is 112 + 12?
124
In base 14, what is 9d + 36?
d5
In base 2, what is 100 + -100101011111?
-100101011011
In base 3, what is 1222021 + 101?
1222122
In base 13, what is -699 - 3?
-69c
In base 10, what is -11 + 68?
57
In base 7, what is -20363 - -3?
-20360
In base 3, what is -2020 - 20?
-2110
In base 9, what is -23 + -21?
-44
In base 3, what is 12 + 1210?
1222
In base 2, what is 1000100111 + -11?
1000100100
In base 8, what is 412 + 2?
414
In base 16, what is -d - -272?
265
In base 16, what is 2 - 3a?
-38
In base 14, what is 3 - -634?
637
In base 13, what is -5 + 2?
-3
In base 10, what is -2 + 113?
111
In base 15, what is 2c - 34?
-7
In base 6, what is 2400 - 10?
2350
In base 5, what is 130310 - 10?
130300
In base 3, what is -121 + -120?
-1011
In base 6, what is 40305 + -5?
40300
In base 2, what is 10001101100001 - -10?
10001101100011
In base 6, what is 5 + 21124?
21133
In base 12, what is -4 - b30?
-b34
In base 15, what is 1a - -10?
2a
In base 6, what is 1324 + -3?
1321
In base 3, what is -1100 + -22?
-1122
In base 2, what is -10 + 100111?
100101
In base 11, what is 3 + 52?
55
In base 2, what is 101011 - 1110101?
-1001010
In base 6, what is -103231 + -4?
-103235
In base 4, what is 201 + 1310?
2111
In base 9, what is 0 - -2803?
2803
In base 11, what is -1 + -74?
-75
In base 4, what is 1200 + 13?
1213
In base 13, what is -4 - 300c?
-3013
In base 13, what is a12 + 3?
a15
In base 8, what is 6 - -40?
46
In base 7, what is 30 + 40?
100
In base 13, what is 106 - -1?
107
In base 2, what is -100 - 101111011?
-101111111
In base 13, what is 4 - 1760?
-1759
In base 13, what is -1 - -10a?
109
In base 2, what is -100100 + -111?
-101011
In base 4, what is -3201130 + 10?
-3201120
In base 16, what is 75 - 5a?
1b
In base 3, what is -1022202 - -2?
-1022200
In base 7, what is 354 + -1?
353
In base 12, what is -1 - -259?
258
In base 6, what is 0 + -52132?
-52132
In base 8, what is -115 - 4?
-121
In base 10, what is 12 - 14?
-2
In base 7, what is -3 + 141?
135
In base 5, what is 13 + -103?
-40
In base 3, what is -2012 - -112?
-1200
In base 12, what is -2 - -8?
6
In base 16, what is 0 - -54?
54
In base 2, what is 100 + 1000001?
1000101
In base 12, what is -10 + 7?
-5
In base 11, what is 21 + -12?
a
In base 16, what is 64 - 2?
62
In base 2, what is 10001000 - -11010?
10100010
In base 14, what is 90 - -6d?
11d
In base 3, what is 12 + -2210?
-2121
In base 3, what is -220 - -100121?
22201
In base 3, what is -10 + 102001?
101221
In base 9, what is -4 - -4026?
4022
In base 2, what is 1001 - -11011000?
11100001
In base 13, what is -2a - -318?
2bb
In base 13, what is c0 + -2?
bb
In base 6, what is -115223 - -5?
-115214
In base 12, what is a7 + -5?
a2
In base 15, what is b + -11?
-5
In base 12, what is -3285 + 2?
-3283
In base 8, what is -4 - -101?
75
In base 9, what is -48 - 17?
-66
In base 4, what is -102011 + -11?
-102022
In base 5, what is 40 - -12?
102
In base 8, what is -5 + -63?
-70
In base 2, what is -101001011010 - -100?
-101001010110
In base 4, what is 3 + 13331?
20000
In base 3, what is 1121112 + -112?
1121000
In base 8, what is -1 + 45?
44
In base 16, what is -2 + 39?
37
In base 9, what is 4 + -465?
-461
In base 11, what is -3 - -2a?
27
In base 12, what is 14 + -404?
-3b0
In base 15, what is -2 + -224?
-226
In base 16, what is -3 - 5?
-8
In base 16, what is -67 + 6?
-61
In base 8, what is -2 - -17432?
17430
In base 11, what is 3a2 + 5?
3a7
In base 2, what is -10001000 + 1?
-10000111
In base 3, what is -1100210 - -1?
-1100202
In base 15, what is -4 - 25?
-29
In base 10, what is -486 + -7?
-493
In base 14, what is -6 + 2b?
25
In base 7, what is -20 + 32?
12
In base 3, what is -10101 - 110?
-10211
In base 11, what is -a4 - -1?
-a3
In base 13, what is -12 - 1a?
-2c
In base 13, what is 9 - 77?
-6b
In base 8, what is 0 - 64?
-64
In base 14, what is 120 - -1?
121
In base 3, what is 2010 - 100112?
-21102
In base 16, what is 8c - 4?
88
In base 9, what is 1 - 61?
-60
In base 16, what is -1 + b?
a
In base 16, what is -246 - 2?
-248
In base 3, what is -11121020 + 102?
-11120211
In base 9, what is 4 + 557?
562
In base 14, what is -43c - -3?
-439
In base 4, what is -230131 + 11?
-230120
In base 2, what is 100 + 111011000?
111011100
In base 15, what is -5 - -9e?
99
In base 2, what is 101 + -1000110110?
-1000110001
In base 15, what is 4 + 30?
34
In base 3, what is 1 + -1222?
-1221
In base 3, what is 0 - 20?
-20
In base 13, what is -11c + 5?
-117
In base 6, what is -354125 + 1?
-354124
In base 15, what is 2c + c?
39
In base 3, what is -10220220 - 0?
-10220220
In base 16, what is b + -1b?
-10
In base 12, what is -6a5 + -4?
-6a9
In base 6, what is -142 + 2423?
2241
In base 4, what is 111 - -122?
233
In base 3, what is -20 - 10021222?
-10022012
In base 4, what is 202 + 3?
211
In base 11, what is -600 + 0?
-600
In base 11, what is -906 + 1?
-905
In base 16, what is -142 - -1d?
-125
In base 10, what is -42 - -28?
-14
In base 11, what is 6 - -118?
123
In base 12, what is -6 + -654?
-65a
In base 3, what is 1011011 - 1?
1011010
In base 7, what is -1055 - 3?
-1061
In base 9, what is -4 - -3030?
3025
In base 16, what is -2 - -a?
8
In base 3, what is -11112 - 0?
-11112
In base 13, what is 1a + 46?
63
In base 4, what is 3301 - 12?
3223
In base 6, what is -1 - -224?
223
In base 4, what is 3 + -1131?
-1122
In base 8, what is 46 - -3?
51
In base 10, what is -8 + 20?
12
In base 2, what is -100001010 + 11?
-100000111
In base 6, what is -1 + -21455?
-21500
In base 9, what is 1 + -8647?
-8646
In base 2, what is -100 - -100100010?
100011110
In base 6, what is -2004 + -2?
-2010
In base 13, what is -241 + 6?
-238
In base 11, what is 200 + 14?
214
In base 2, what is -110011111 - -10010?
-110001101
In base 16, what is 1917 + 2?
1919
In base 15, what is -5 - 32e?
-334
In base 4, what is 0 + -210?
-210
In base 11, what is -36 + 3?
-33
In base 9, what is 7174 - -4?
7178
In base 13, what is 23 - 227?
-204
In base 5, what is 10 + 1133?
1143
In base 5, what is 10111 - 4?
10102
In base 15, what is 346 - 0?
346
In base 11, what is -13 + -161?
-174
In base 5, what is 2 + 203?
210
In base 6, what is -11 - 134?
-145
In base 13, what is -29 - -6?
-23
In base 11, what is -9 + a?
1
In base 5, what is 30 - 1102?
-1022
In base 12, what is -2 + 240?
23a
In base 13, what is 9 - 0?
9
In base 11, what is 4 - 594?
-590
In base 4, what is 2 + -1000?
-332
In base 6, what is -14 + -10?
-24
In base 16, what is 5 + -2a2?
-29d
In base 2, what is -1 - 1000110101010?
-1000110101011
In base 3, what is 112112 - 2?
112110
In base 6, what is 353 + 22?
415
In base 15, what is -3 + -99?
-9c
In base 6, what is -115 - 241?
-400
In base 7, what is -156 - 11?
-200
In base 15, what is -3 - 8e?
-92
In base 8, what is 5 - 771?
-764
In base 10, what is -39 - -1?
-38
In base 11, what is -387 - 1?
-388
In base 8, what is -25 + -2?
-27
In base 3, what is -202200 + -20?
-202220
In base 13, what is -7 - -938?
931
In base 4, what is -1330 + 100